2, 3, 127
Let o(t) = -3*t - 6. Let w be o(-3). Suppose -q + w = -j, 0*q + q + 5*j = -3. Suppose 2*h + 4*v = 36, 4*v = q*h - v - 45. What are the prime factors of h?
2, 5
List the prime factors of (10/1)/(-2) - (-608 - -57).
2, 3, 7, 13
Let w be (15/(-21))/((-7)/49). Suppose -w*k + 95 + 155 = 0. What are the prime factors of k?
2, 5
Let s = -16 + 15. Let f be 1 + -2 + 42 + s. Suppose l = -l + f. List the prime factors of l.
2, 5
Suppose 0 = -4*q + 126 + 246. List the prime factors of ((-3)/1 + q)/(-2 - -3).
2, 3, 5
Let k = 79 + -76. Suppose 6*p - k*p = 342. What are the prime factors of p?
2, 3, 19
Suppose 20*q + 2936 = 21*q. List the prime factors of q.
2, 367
Let t = 11 - 10. What are the prime factors of ((-136)/(-4))/t + -3?
31
Let h(y) = -y**3 - 7*y**2 - 8*y + 3. Let z be h(-6). Let u = 28 - z. Let t = u + -1. What are the prime factors of t?
2, 3
Let m be (-2)/10 + 22/10. Suppose m - 6 = -2*z. Suppose -z*c - 8 = -0*c, 0 = -3*l - 2*c - 2. What are the prime factors of l?
2
Let f be -4*1 + -5 + 9. Suppose 11*l - 10*l - 15 = f. What are the prime factors of l?
3, 5
Let v be (-6)/(-4)*(-4012)/(-51). List the prime factors of ((0 - 1) + 2)*v/2.
59
Suppose 2*b - 10 = 2*c + 4, -3*c = b + 21. Let i(v) = -14*v + 2*v**2 - 12 - 3*v**2 + 2*v. What are the prime factors of i(c)?
23
Let v = -43 + 87. Suppose h - 4*q = 53, 2*h - v = h + q. What are the prime factors of h?
41
Let m = -15 + 13. Let h be -158*(-2)/(m*2). Let o = -41 - h. What are the prime factors of o?
2, 19
Let b(u) = -u**2 + 10*u + 139. What are the prime factors of b(17)?
2, 5
Let g(h) = 2*h**3 - 1 + 7 - 7*h**2 - 2*h**3 - h**3. What are the prime factors of g(-7)?
2, 3
Let b(p) = 42*p**2 - 17*p - 9. What are the prime factors of b(-3)?
2, 3, 5, 7
Let l = -888 - -4287. What are the prime factors of l?
3, 11, 103
Suppose -3*w = -z - 3, 0*z = -4*w - 4*z + 20. Suppose -n = -5*n - 5*q + 38, 0 = q - w. List the prime factors of (36/n)/((-6)/(-28)).
2, 3
Suppose 12 + 4 = 4*o. Suppose 5*f = 44 - o. Suppose 4*n - f = 36. List the prime factors of n.
11
Suppose 3*q = 5*o - 114, -q = 5*o - 3*q - 111. Let f = o - 12. What are the prime factors of (6/f)/(3/117)?
2, 13
Let m = -849 + 1359. Let b = -265 + m. List the prime factors of b.
5, 7
Suppose -1 = -2*x + 7. Let u(j) = j**2 - 4. Let v be u(4). Let p = x + v. What are the prime factors of p?
2
Let h(f) = 11*f**2 + 3*f + 2. Let s be 2*(0 + (-1)/2). Let g be h(s). List the prime factors of (-292)/(-20) - 6/g.
2, 7
Let y(i) = -437*i - 334. List the prime factors of y(-9).
59, 61
Suppose 3*u - 3 = 6. Suppose 0 = -2*f + u*f - 2. What are the prime factors of 1 + f + 5 + -1?
7
Let l(j) = 3365*j**2 - 16*j - 10. List the prime factors of l(-1).
3371
Let g(c) = -c**2 - 17*c - 26. Let l be g(-16). What are the prime factors of (l - -7) + (2 - -72)?
71
Let w be (-1)/7 + (-29)/(-7). Suppose -w*j - h - 4*h + 609 = 0, 3*j - 483 = 5*h. What are the prime factors of j?
2, 3, 13
Suppose 2*r = 3*z + 2, r + 2 = 5*z - 11. Suppose -h = -1, 5*g + 4*h - 7*h = r. Suppose -3*n - n = -c - 87, 0 = -g*n - 4*c + 66. List the prime factors of n.
23
Suppose -10682 = 14*p - 29372. What are the prime factors of p?
3, 5, 89
List the prime factors of (6 - (-66)/(-12)) + 1259/2.
2, 3, 5, 7
Let l = 13 - 9. Suppose -l*r + 0*r - 4*y = 4, 2 = -5*r - 4*y. Suppose t + r*q = -2*t + 52, -100 = -4*t + 5*q. List the prime factors of t.
2, 5
Suppose 2*m + 2524 = 5*j - 1805, -2*j + 2*m + 1734 = 0. List the prime factors of j.
5, 173
Let l(u) = -u**3 - 6*u**2 - 2. Let p be l(-5). Let c = p - -105. List the prime factors of c.
2, 3, 13
Let n(i) = -4*i**2 + 3*i - 2. Let s be n(2). What are the prime factors of 0*(-1)/5 - s?
2, 3
Suppose 4*y = 3*y, 4*y + 932 = 2*d. What are the prime factors of d?
2, 233
Suppose -3*z - 9 = 5*f, 3*z + f - 2 = 1. Let v(i) = -i**2 - 14*i - 9. Let j be v(-10). Suppose z*k = k + j. List the prime factors of k.
31
Let p be (56/(20/5))/(-2). Let o(x) be the third derivative of -x**4/6 - x**3/2 + 2*x**2. What are the prime factors of o(p)?
5
Let x(o) = 4*o**2 - 4*o - 3. Let q be x(-1). List the prime factors of -120*(q + 66/(-10)).
2, 3
Let j be 0 - -3 - 5 - -51. Suppose -j = -m + 10. List the prime factors of m.
59
Let c(m) = -m**3 + 4*m**2 + 8*m - 6. Let q(f) = -f**2 - f + 1. Let a(p) = -c(p) - 6*q(p). Let r be a(2). Suppose s = 5*s - r. What are the prime factors of s?
3
Suppose -11*f = 1091 - 2796. List the prime factors of f.
5, 31
Let b = -72 - -75. Suppose 4*f - 363 = 5*t, 97 = f + b*t + 19. What are the prime factors of f?
3, 29
Suppose -3*v + 435 = 3*z, 2*z + 5*v = -2*z + 585. Suppose -12*p + 0 = -60. Suppose -c + p*c + 4*y - z = 0, 0 = 4*c - y - 165. What are the prime factors of c?
2, 5
Let x be (2 - 1)/(-1)*-3. Let s(g) = -2 - 1 - 2*g**2 + 2*g + 2 + x*g**2. List the prime factors of s(-3).
2
List the prime factors of 2247 + 12/15 + (-1)/(-5).
2, 281
Suppose -4*q + 2*a + 4106 = 0, 14*q - 15*q - 2*a + 1039 = 0. List the prime factors of q.
3, 7
Suppose -2*p - 235 = -41. Let x = 155 + p. What are the prime factors of x?
2, 29
Let o = -29 - -32. Suppose 2*t = d - 5, -o*t - 2*d = -0*d - 10. Suppose t = 5*z - 20, 2*z + 36 = 2*k + z. List the prime factors of k.
2, 5
List the prime factors of 21/(6/(-4)*7/(-903)).
2, 3, 7, 43
Suppose -4*v - 4*x = -6*x - 28, -5*v + 38 = -4*x. What are the prime factors of 9 - v - -67 - (1 + -1)?
2, 5, 7
Suppose 0 = -7*b + 2*b + 390. Suppose c = -4*j + 38 + 48, 0 = 4*j + 5*c - b. List the prime factors of j.
2, 11
Let v(y) = -y - 12. Let l be v(-6). Let n(r) = -19*r - 7. What are the prime factors of n(l)?
107
Suppose -334 = -2*u + 5*g, 10*g - 294 = -2*u + 5*g. List the prime factors of u.
157
Suppose 5*j + 5*m - 3350 = 0, 4*j + m - 1515 - 1168 = 0. What are the prime factors of j?
11, 61
Let z(j) = -2*j**2 + 8*j + 12. Let f be z(5). List the prime factors of 104 - f*(-2 + 1).
2, 53
Let r(i) = -i**3 - i**2 - i. Let a(f) = -4*f**3 - 2*f**2 - 10*f + 3. Let q = 6 + -7. Let k(t) = q*a(t) + 5*r(t). What are the prime factors of k(-5)?
2, 11
Suppose 48*d + 27*d - 115350 = 0. What are the prime factors of d?
2, 769
List the prime factors of ((-4 - -3)*280)/(-2).
2, 5, 7
Let a be 4/(-18) - 5552/(-36). Let n = a - 102. Let t = -35 + n. What are the prime factors of t?
17
Let c be (48/18)/((-2)/3). What are the prime factors of 84 + c/(-2) + 2?
2, 11
Suppose -3*a + 407 = 44. Suppose 2*x - 6*x + i = -a, 3*x = -i + 89. List the prime factors of x.
2, 3, 5
Let f = 101 + -97. Suppose f*h - 2639 = -9*h. List the prime factors of h.
7, 29
Let k(l) = l + 3. Let m be 50/4 - 3/2. Let a be k(m). Suppose -a + 4 = -2*s. List the prime factors of s.
5
Let b(f) be the second derivative of f**4/12 - f**3/3 - 8*f. List the prime factors of b(-3).
3, 5
Suppose 539 = 7*f + 49. Suppose 20 = -4*m, 2*m - f + 320 = 3*x. What are the prime factors of x?
2, 5
Let i(k) = 2*k**3 + 16 - 3*k**3 + 8 - 9*k**2 - 11*k - 4. What are the prime factors of i(-9)?
7, 17
Let d(y) = 40*y**2 + y + 1. Let n be d(-1). Let f be ((-75)/(-6))/(4/n). Suppose 3*b - 36 = b - 2*k, 0 = 5*b - 2*k - f. List the prime factors of b.
23
Suppose 12 = l - 9. Let c = l + -7. What are the prime factors of c?
2, 7
Let m be (-2 - 2) + (-5)/(10/(-18)). Suppose -m*g = 2*l - 563, -920 - 246 = -4*l - 2*g. What are the prime factors of l?
2, 3, 7
Suppose -5 = -4*s + 5*v, -3*s + 0*s + 27 = 4*v. Suppose 2*n - s*n + 42 = 0. Suppose 13*c = n*c - 24. What are the prime factors of c?
2, 3
Let y = 56 - 43. Suppose 7*m = 3*m + 300. Let x = m - y. What are the prime factors of x?
2, 31
Let u(b) be the third derivative of -b**6/120 - 2*b**5/15 + b**4/8 + 11*b**3/6 - 3*b**2. Let n be u(-8). Let r = 2 - n. List the prime factors of r.
3, 5
Let n = -16 - -19. Let g be (-124)/(-16) + n/12. Let f(x) = x**3 - 8*x**2 + 5*x - 12. List the prime factors of f(g).
2, 7
Let m(r) = 2*r + 10. Let k be m(-4). Suppose -3*v - 42 = -3*l, k*l + 2*v = -0*v + 28. List the prime factors of l.
2, 7
Suppose -2*u + 943 = -2*w + 5*w, 2*u - 918 = 2*w. What are the prime factors of u?
2, 29
Suppose 10*x - 3756 = 9*x. Suppose -18*b + 816 + x = 0. What are the prime factors of b?
2, 127
Suppose 100*q + 45 = 105*q. Suppose l - 4*k - 49 = 0, 4*l = -5*k + q*k + 148. List the prime factors of l.
3, 11
List the prime factors of (-36)/(-4 - 2) - (-2